 factors of 7902473.
733, 10781
List the prime factors of 164420.
2, 5, 8221
List the prime factors of 4703417.
4703417
What are the prime factors of 251742?
2, 3, 41957
What are the prime factors of 307739?
439, 701
List the prime factors of 386007.
3, 128669
List the prime factors of 710149.
11, 5869
List the prime factors of 2424986.
2, 41, 29573
What are the prime factors of 8360979?
3, 11, 31, 743
List the prime factors of 2703762.
2, 3, 150209
List the prime factors of 985497.
3, 89, 3691
What are the prime factors of 239897?
7, 43, 797
What are the prime factors of 301745?
5, 29, 2081
What are the prime factors of 912657?
3, 109, 2791
List the prime factors of 1114496.
2, 8707
List the prime factors of 749863.
749863
What are the prime factors of 278779?
149, 1871
What are the prime factors of 383228?
2, 149, 643
What are the prime factors of 9597318?
2, 3, 19, 29, 2903
List the prime factors of 3889107.
3, 17, 37, 229
List the prime factors of 8361123.
3, 79, 35279
List the prime factors of 4453092.
2, 3, 7, 41, 431
List the prime factors of 11579186.
2, 359, 16127
What are the prime factors of 259264?
2, 4051
What are the prime factors of 3544275?
3, 5, 7, 43, 157
List the prime factors of 339320.
2, 5, 17, 499
List the prime factors of 1523530.
2, 5, 131, 1163
List the prime factors of 10629660.
2, 3, 5, 29, 41, 149
What are the prime factors of 4997085?
3, 5, 333139
List the prime factors of 1352293.
1352293
List the prime factors of 274438.
2, 137219
What are the prime factors of 225592?
2, 163, 173
What are the prime factors of 24354?
2, 3, 11, 41
List the prime factors of 1657162.
2, 13, 63737
List the prime factors of 30923.
17, 107
What are the prime factors of 197829?
3, 17, 431
What are the prime factors of 1264002?
2, 3, 293, 719
What are the prime factors of 13798210?
2, 5, 1379821
What are the prime factors of 1129417?
19, 59443
What are the prime factors of 1281765?
3, 5, 85451
What are the prime factors of 3945584?
2, 246599
What are the prime factors of 792010?
2, 5, 79201
List the prime factors of 5681002.
2, 1471, 1931
What are the prime factors of 10276178?
2, 11, 167, 2797
What are the prime factors of 796996?
2, 23, 8663
List the prime factors of 583783.
583783
List the prime factors of 19571856.
2, 3, 407747
What are the prime factors of 13396656?
2, 3, 7, 13, 3067
List the prime factors of 3006416.
2, 7, 17, 1579
List the prime factors of 45479.
7, 73, 89
What are the prime factors of 896168?
2, 7, 13, 1231
What are the prime factors of 5875890?
2, 3, 5, 195863
What are the prime factors of 938845?
5, 103, 1823
List the prime factors of 135211.
135211
List the prime factors of 9575282.
2, 4787641
List the prime factors of 15405901.
7, 2200843
List the prime factors of 25098096.
2, 3, 31, 101, 167
What are the prime factors of 301470?
2, 3, 5, 13, 773
What are the prime factors of 676830?
2, 3, 5, 7, 11, 293
What are the prime factors of 713890?
2, 5, 71389
What are the prime factors of 2451658?
2, 11, 111439
List the prime factors of 223235.
5, 44647
List the prime factors of 652673.
7, 93239
List the prime factors of 435235.
5, 61, 1427
List the prime factors of 19692288.
2, 3, 7, 11, 37
What are the prime factors of 40680204?
2, 3, 3390017
List the prime factors of 108477.
3, 17, 709
What are the prime factors of 97708?
2, 13, 1879
What are the prime factors of 2432673?
3, 47, 71
What are the prime factors of 1078928?
2, 67433
List the prime factors of 3212040.
2, 3, 5, 13, 29, 71
List the prime factors of 223660.
2, 5, 53, 211
What are the prime factors of 16710703?
43, 388621
List the prime factors of 26827306.
2, 11, 883, 1381
What are the prime factors of 234741?
3, 13, 463
What are the prime factors of 579768?
2, 3, 7, 17, 29
What are the prime factors of 4306834?
2, 7, 307631
What are the prime factors of 10002435?
3, 5, 666829
What are the prime factors of 14804209?
7, 2114887
What are the prime factors of 693768?
2, 3, 137, 211
What are the prime factors of 696650?
2, 5, 13933
What are the prime factors of 828107?
7, 281, 421
What are the prime factors of 9303857?
9303857
What are the prime factors of 710735?
5, 41, 3467
List the prime factors of 10254254.
2, 37, 138571
List the prime factors of 11562638.
2, 5781319
What are the prime factors of 1739444?
2, 7, 23, 37, 73
List the prime factors of 11840500.
2, 5, 7, 17, 199
List the prime factors of 13961568.
2, 3, 145433
What are the prime factors of 1366879?
19, 71941
What are the prime factors of 102643?
102643
What are the prime factors of 5893269?
3, 233, 8431
List the prime factors of 252779.
252779
List the prime factors of 668212.
2, 89, 1877
What are the prime factors of 215261?
215261
List the prime factors of 138186.
2, 3, 853
List the prime factors of 4018684.
2, 1004671
What are the prime factors of 4310479?
571, 7549
List the prime factors of 66363.
3, 11, 2011
List the prime factors of 1219304.
2, 173, 881
What are the prime factors of 9875739?
3, 257, 12809
List the prime factors of 4401760.
2, 5, 11, 41, 61
List the prime factors of 3866064.
2, 3, 239, 337
What are the prime factors of 2130312?
2, 3, 37, 2399
List the prime factors of 4534881.
3, 13, 116279
What are the prime factors of 159929?
7, 11, 31, 67
List the prime factors of 4154727.
3, 1384909
List the prime factors of 2144174.
2, 293, 3659
List the prime factors of 110639.
31, 43, 83
List the prime factors of 25347689.
4133, 6133
List the prime factors of 2783619.
3, 131, 787
List the prime factors of 11539351.
43, 101, 2657
What are the prime factors of 165293?
165293
List the prime factors of 36034969.
36034969
What are the prime factors of 177747?
3, 179, 331
What are the prime factors of 101801?
7, 14543
What are the prime factors of 211746?
2, 3, 35291
What are the prime factors of 269213?
7, 38459
What are the prime factors of 425756?
2, 163, 653
What are the prime factors of 6546031?
2473, 2647
List the prime factors of 895835.
5, 179167
List the prime factors of 2543915.
5, 11, 23, 2011
What are the prime factors of 1899509?
1899509
What are the prime factors of 352914?
2, 3, 131, 449
What are the prime factors of 2269302?
2, 3, 7, 71, 761
List the prime factors of 535691.
13, 89, 463
What are the prime factors of 87938?
2, 43969
What are the prime factors of 15893412?
2, 3, 1324451
What are the prime factors of 3308773?
13, 199, 1279
What are the prime factors of 593310?
2, 3, 5, 19777
List the prime factors of 94134.
2, 3, 29, 541
List the prime factors of 1563317.
7, 223331
List the prime factors of 138373.
138373
What are the prime factors of 893524?
2, 223381
List the prime factors of 5426286.
2, 3, 19, 47599
List the prime factors of 450778.
2, 257, 877
List the prime factors of 9003310.
2, 5, 900331
List the prime factors of 131908.
2, 7, 673
What are the prime factors of 875678?
2, 41, 59, 181
What are the prime factors of 7313362?
2, 7, 522383
What are the prime factors of 1974439?
71, 27809
What are the prime factors of 2722864?
2, 170179
What are the prime factors of 396032?
2, 7, 13, 17
What are the prime factors of 10797731?
7, 1542533
What are the prime factors of 2437214?
2, 13, 93739
List the prime factors of 423943.
13, 32611
What are the prime factors of 560321?
67, 8363
What are the prime factors of 835917?
3, 278639
What are the prime factors of 14570998?
2, 13, 103, 5441
What are the prime factors of 1919050?
2, 5, 7, 5483
List the prime factors of 507316.
2, 53, 2393
What are the prime factors of 425642?
2, 7, 30403
What are the prime factors of 1347754?
2, 23, 83, 353
List the prime factors of 1054613.
7, 150659
List the prime factors of 1911040.
2, 5, 1493
What are the prime factors of 1286909?
13, 98993
What are the prime factors of 1869?
3, 7, 89
List the prime factors of 355520.
2, 5, 11, 101
List the prime factors of 924505.
5, 184901
What are the prime factors of 3179031?
3, 241, 4397
What are the prime factors of 1597050?
2, 3, 5, 7, 13
What are the prime factors of 1230081?
3, 521, 787
List the prime factors of 33008201.
131, 251971
List the prime factors of 1891292.
2, 13, 37, 983
List the prime factors of 1523017.
43, 35419
What are the prime factors of 4186157?
331, 12647
What are the prime factors of 28909531?
7, 4129933
List the